(o) = 20*o**2 - 2*o - 18. Let z(v) = -6*k(v) + 17*p(v). Let c be z(-5). What is the highest common divisor of c and 24?
6
Let t be (2*7)/(7/7). What is the highest common factor of t and 21?
7
Suppose -5*v + 667 = 4*a, 0*a - 178 = -a - 5*v. Suppose -a - 79 = -2*i. What is the highest common divisor of 11 and i?
11
Let l be 0/(1 - 3 - -1). Suppose l = 2*k + 4 - 74. Let c = k + -20. Calculate the greatest common divisor of 75 and c.
15
Suppose -9 = -3*k - 0, -3*g = 3*k - 42. Suppose -6*c + g*c = 75. Calculate the highest common factor of c and 135.
15
Let f(w) = -1. Let u(m) = m + 3. Let k(l) = -2*f(l) + u(l). Let i(a) = 3*a**3 + 1. Let r be i(1). Let z be k(r). What is the greatest common divisor of 9 and z?
9
Suppose -4*v = 17 + 31. Let y = v - -39. Suppose -5*a = q - 361, 3*a - 2*q = y + 187. What is the greatest common factor of a and 9?
9
Suppose -a = 2*h - 44, 5*h - 7*a + 2*a = 110. Suppose 23 + h = 5*j. Let y = 275 + -203. What is the greatest common factor of y and j?
9
Let n(y) = 6*y + 9. Let z be n(4). Let i(r) = 2*r. Let c be i(11). Calculate the highest common factor of c and z.
11
Let y be (2 - -3)*252/15. Let j = y - 30. Calculate the greatest common factor of j and 6.
6
Let o be ((-1)/(4/(-8)))/((-2)/(-5)). What is the greatest common factor of 35 and o?
5
Let f(g) = g**3 + 6*g**2 + 2*g + 7. Let n be f(-5). Let k = 82 + 160. Calculate the greatest common factor of k and n.
22
Let p(d) = -d**3 - 6*d**2 + 7*d + 1. Let i be p(-7). Let m = 11 - i. Calculate the greatest common divisor of m and 40.
10
Let n(v) = v**3 + 3*v**2 - 2*v. Let i be n(-3). Let f be 1908/27 - 4/i. What is the highest common factor of f and 28?
14
Let s(h) = -h**2 + 10*h - 7. Let y be s(9). Let c be -1 - (-37 - y/(-2)). Calculate the highest common divisor of 5 and c.
5
Suppose 4*b + 44 = 5*b. Suppose -b = -5*u + u. Suppose -m - 4 + 48 = 0. What is the greatest common factor of u and m?
11
Let r = -5 + 9. Suppose 5 = z - 1. Let d be 1/(6/20)*z. Calculate the greatest common divisor of d and r.
4
Let j = 0 - -2. Suppose -3*x + 289 = -5*l, -166 = -0*x - j*x - 2*l. Suppose 0 = -4*a + 35 + 9. Calculate the greatest common divisor of a and x.
11
Let h be (0 - -2) + 1 + 0. Suppose -s = -h*s + 8. Suppose s*n + 2*l - 190 = n, -2*l - 258 = -4*n. Calculate the greatest common factor of n and 16.
16
Suppose -o - 2*h = -2*o + 9, -4*o = 2*h - 26. Let l be 3/3 + o - -2. What is the greatest common factor of l and 90?
10
Let n(w) = 3*w + 1. Let p be n(3). Let q(f) = -25*f**3 - f**2 - 2*f - 1. Let b be q(-1). Calculate the highest common divisor of b and p.
5
Let f(y) = -y**3 + y - 2. Let c be f(-6). What is the greatest common factor of c and 26?
26
Let i(y) = -y**3 + 8*y**2 + 22*y - 11. Let h be i(10). Calculate the greatest common factor of h and 1.
1
Let d(r) = 71*r + 1. Suppose 3 = -s + 4*s. Let w be d(s). Let m = 56 - 48. Calculate the highest common divisor of m and w.
8
Suppose 2*q + 3*j - 3 = 8*j, 2*q = -4*j - 6. Let s be q/((-2)/(-2 - -18)). Let n be (1*(s + 0))/1. Calculate the highest common divisor of n and 8.
8
Suppose 0 = 4*n - 2*g - 26, 5*n - 2*g = -16 + 49. What is the greatest common factor of 7 and n?
7
Suppose 2*r = -3*r + 80. Calculate the greatest common factor of r and 64.
16
Let t be (-8)/(-1 + (-1 - -1)). Suppose -2*s - 3*h + 66 = -84, -210 = -3*s + 3*h. Calculate the greatest common factor of t and s.
8
Let b(z) = z**3 + 21*z**2 + 19*z + 4. Let x be b(-20). What is the highest common divisor of 56 and x?
8
Suppose 9 = -v - 0*v. Let b be 156/9*v/(-3). Suppose -17 = 5*x - b. What is the greatest common divisor of x and 1?
1
Suppose 0 = -3*j + 4 + 8. Let b = 11 - j. Calculate the greatest common factor of 77 and b.
7
Let n = 6 - -3. Let r = n - -5. Calculate the greatest common divisor of 2 and r.
2
Suppose 0*w + 8 = 2*w + 5*u, -4*u = 2*w - 12. Calculate the greatest common divisor of w and 28.
14
Suppose 8*l - 24 = 7*l. Calculate the greatest common factor of l and 4.
4
Let t = 4 - -3. Let r = t + 37. Let x = -14 - -25. What is the greatest common divisor of r and x?
11
Suppose -5*s = -38 - 162. Suppose 2*r = 6*r - s. Let p = 11 + -1. What is the highest common factor of r and p?
10
Let q be ((-4)/(-6))/((-14)/(-357)). Calculate the highest common divisor of q and 17.
17
Let g(j) = j**2 - 4*j - 9. Let u be g(7). Let c = 45 - u. Let l(s) = -s**3 + 4*s + 7. Let y be l(-3). Calculate the greatest common factor of y and c.
11
Let y be ((-6)/12*4)/(4/(-14)). Calculate the greatest common divisor of 56 and y.
7
Let d(z) = 32*z - 19. Let v be d(3). Let p be ((-3)/(-2) - 1)*10. Let n be 2/(p/(55/2)). Calculate the highest common factor of n and v.
11
Let z be 0*1/(-2) - -2. Let g(n) = n + 3. Let h be g(-4). Let t = 9 - h. Calculate the highest common divisor of z and t.
2
Let k(a) = a**2 - 2*a + 6. Let y(g) = 4*g**2 - 9*g + 25. Let v(x) = 9*k(x) - 2*y(x). Let r be v(0). What is the highest common factor of r and 4?
4
Let w = -9 - -37. Calculate the highest common divisor of w and 70.
14
Suppose -12*o + 4 = -11*o. Let g(w) = 0*w**3 + 2*w**3 + 0*w + w - 6*w**2 - 1. Let s be g(o). What is the greatest common divisor of s and 14?
7
Let o be (-7)/(-28) + 11/4. Suppose p = o*p - 90. Calculate the highest common divisor of p and 9.
9
Let w = -50 - -95. Let t = 21 - 12. Calculate the highest common divisor of w and t.
9
Let d(u) = u**3 - u**2 - u + 2. Let a be d(0). Suppose -x = a*x - 27. What is the greatest common factor of 72 and x?
9
Suppose -45 = -3*l - 0*l. Suppose 4*b - l = b. Calculate the greatest common factor of 35 and b.
5
Let p be 19 + -2*(-3 + 14/4). What is the greatest common factor of p and 2?
2
Let i(b) = -7*b**3 - 4*b**2 - 4*b - 2. Let m be i(-2). What is the highest common factor of 115 and m?
23
Let p be 1/((-3)/12) + 30. What is the greatest common factor of p and 13?
13
Let l = 78 - 54. Let v(s) = s - 4. Let a be v(4). Let n = a - -3. What is the highest common factor of l and n?
3
Suppose 7*m - 8 = -c + 3*m, 0 = 2*c + 2*m - 34. What is the highest common factor of c and 160?
20
Let h(u) = 8*u**3 + 2*u**2 - 2. Let o be h(1). Calculate the greatest common factor of o and 1.
1
Let n be -7 + 162 + (-6)/(-2). Suppose -4*j + n = -5*y - 132, 4*y = j - 78. What is the highest common divisor of 14 and j?
14
Let o be (0 - -1)*2 + -83. Let j = 342 + o. Suppose 3*m = 5*u - j + 24, 0 = 3*u + 3*m - 147. Calculate the highest common factor of 12 and u.
12
Let i be (9 - 7)*124/1. What is the greatest common factor of i and 31?
31
Suppose 2*h - 4*i = 10, 0 = 4*h - 0*i - 5*i - 14. Let u = 1 - h. Let m be (0 - -98)/(u - -1). What is the greatest common factor of 14 and m?
14
Suppose 2*b = -0*b + 76. Calculate the highest common divisor of b and 57.
19
Let s(m) = -m**3 - 10*m**2 - 11*m - 6. Let o = -20 + 42. Suppose -14 = 4*z + o. Let j be s(z). Calculate the highest common factor of 8 and j.
4
Let i(s) = 2*s**3 + 2*s**2 - 4*s + 2. Let d be i(2). What is the greatest common factor of d and 6?
6
Suppose -3*x = -2*u - 43, 46 = 3*x + 2*u + 11. What is the greatest common factor of x and 26?
13
Suppose -7 = -o + 9. Calculate the highest common divisor of o and 24.
8
Let g(a) = -2*a**2 - 2*a + 2. Let o be g(-2). Let n = 13 - o. Calculate the highest common factor of n and 15.
15
Suppose 0*x = -2*x + 4. Let m be 1*(1 + 0 + x). Let w(u) = 9*u - 3. Let g be w(m). Calculate the greatest common divisor of g and 8.
8
Let v = -13 + 189. Calculate the greatest common factor of 16 and v.
16
Let o = -108 + 156. What is the greatest common factor of o and 16?
16
Let w(d) = -d**3 - d**2 + d + 154. Let g be w(0). What is the highest common factor of g and 14?
14
Let j(o) = -21*o + 1. Let q be (-6)/(-12) + 6/(-4). Let u be j(q). Calculate the greatest common factor of 110 and u.
22
Let f(k) = -4 - 3*k**2 + 3*k**2 - 1 + k**2 - 5*k. Let n be f(6). What is the greatest common divisor of 3 and n?
1
Suppose 0 = -4*t - 1 + 17. What is the highest common factor of 20 and t?
4
Let s = 140 - 28. Calculate the greatest common divisor of s and 28.
28
Let g = 8 + -4. Suppose f = -5*s + 41, -g*f = 4*s - 0*f - 20. Let i be (s/(-2))/(6/(-24)). What is the highest common divisor of i and 12?
6
Let o be 0/(3 + 2/(-1)). Suppose -3*p + 4 + 20 = o. Let s be (-2)/p - (-10)/8. Calculate the greatest c